t is the greatest common divisor of v and 30?
6
Suppose -2*w + 15 = 3*w. Suppose 0 = w*b - 30 - 60. Calculate the greatest common factor of b and 45.
15
Let k be (1 + (-9)/6)*2. Let y be k/3 + (-200)/(-6). Calculate the highest common factor of y and 11.
11
Let k = -197 + 309. Suppose 0 = 6*g - 4*g - k. What is the greatest common divisor of g and 8?
8
Suppose -2*k + 9 = -9. Let c be (-43)/(-9) - 2/(-9). Suppose -c*j + k = -4*j. Calculate the greatest common divisor of 18 and j.
9
Let y = -7 + 24. Suppose -5*h + 60 = 5*r, -5*h + 5*r = 78 - 188. Calculate the highest common factor of y and h.
17
Let o = 20 - -14. What is the highest common divisor of o and 34?
34
Let v(b) = 3*b - 3. Suppose i = -3*i + 8. Let r be v(i). Suppose r*q = -2*q + 15. What is the highest common divisor of q and 6?
3
Suppose 0 = 3*k - 4*k + 7. Suppose 4*h + 15 = k*h. Suppose -h*s + 3*m + 12 = 0, 5*m = 4*s - 0 - 7. What is the highest common divisor of 12 and s?
3
Suppose 4*t + 20 = -0. Let l be ((-8)/t)/((-4)/90). Let z be l/(-8) - 1/2. Calculate the greatest common factor of z and 12.
4
Let s(m) = 2*m**2 - 3*m + 29. Let u be s(-7). What is the highest common divisor of u and 37?
37
Let g = 181 + -73. Let t be 13 + (0 - (-2)/(-2)). Calculate the greatest common factor of g and t.
12
Let s = -110 - -526. What is the greatest common divisor of 26 and s?
26
Let i = -47 - -59. Let u(y) = -25*y - 12. Let a be u(-8). Let q = a - 128. Calculate the highest common factor of i and q.
12
Suppose 0 = -5*u + 183 + 177. Calculate the greatest common factor of 108 and u.
36
Suppose -7*d + 24 = -3*d. Suppose -s + 3 = -3*s - b, d = -2*b. Suppose s = -2*m + m + 15. What is the greatest common divisor of 5 and m?
5
Suppose 5*l - 10*l = -1120. Suppose l = 11*z - 7*z. Suppose 0 = -i - 2*q + 4, -9 = -i + 3*q + 5. What is the highest common factor of i and z?
8
Let g(p) be the second derivative of 5*p**3/6 - p**2 + 2*p. Let w be g(6). Calculate the highest common factor of 70 and w.
14
Suppose 2*c = 4*f - 384, -10*f = -8*f - 4*c - 192. Let l be (32/(-12))/((-4)/18). What is the greatest common divisor of f and l?
12
Suppose 2*c - 3*c + 34 = 0. Let a = -3 + 23. Let i = c - a. Calculate the highest common divisor of 35 and i.
7
Suppose 2*g = 4*g - 3*k + 7, 0 = 5*g - 3*k - 5. Let t = -19 + 41. Let y = t - g. What is the greatest common divisor of 27 and y?
9
Let z(n) = -n**2 + 10*n - 11. Let y be z(8). Suppose y*u - 5 = -0. Suppose 2*a = 3*a - 2. Calculate the highest common divisor of a and u.
1
Suppose -7 = 2*i - 33. What is the highest common divisor of 13 and i?
13
Suppose -11*s = -5*s - 552. What is the highest common divisor of 46 and s?
46
Suppose 0 = -3*t + 8 + 22. Let v be 30 - (2 - (0 - -2)). What is the highest common factor of v and t?
10
Let o be (((-4)/(-2))/2)/((-16)/(-128)). What is the greatest common factor of 6 and o?
2
Let y(v) = 29*v - 1. Let c be y(4). Calculate the highest common divisor of c and 23.
23
Suppose -2*k - 52 = 2*k. Let y = 19 + k. Suppose -3*x + y*p + 155 = 2*p, -p = 4*x - 175. What is the greatest common divisor of x and 30?
15
Let t = 55 + -10. Let s = t + 43. Calculate the highest common divisor of s and 8.
8
Suppose -2*k + 10 = -0*k. Suppose -2*x + 8 = k*u, 2*u + 2*x = 4*u - 6. Let d be 4/(-10)*(-108 - u). Calculate the greatest common factor of d and 66.
22
Suppose -o + 0*o + 16 = 0. Let w be 2/((-2)/10*-2). Suppose 3*d + 5*j = -9, -w*d + o = -0*j - 2*j. Calculate the highest common divisor of d and 22.
2
Suppose -5*j = -l + 55, -4*j + 5*j - 88 = -2*l. Calculate the highest common divisor of 9 and l.
9
Let w be 8 + (-5 + 5 - 5). What is the highest common divisor of w and 9?
3
Let c(y) = -y**2 + 17*y + 6. Let o be c(17). Suppose 0 = 4*b + 5*z - 896 - 233, -o = 2*z. Calculate the highest common divisor of b and 26.
26
Let w(b) = 3 + b - 2 - 1 + 3. Let r(s) = -6*s**3 + s**2 - 1. Let h be r(-1). Let j be w(h). What is the greatest common factor of j and 63?
9
Let v(m) = 33*m + 1. Let j(i) = -i - 4. Let q be j(-5). Let b be v(q). Calculate the highest common factor of 85 and b.
17
Let y = 14 + 7. Suppose -4*o = -3*h - 1, -4*o + 0*o = h - y. What is the highest common factor of 40 and h?
5
Let z = -5 - -6. Let k be (z + -6)*24/(-10). Let f be 2/4*(k - -2). What is the highest common factor of 77 and f?
7
Let o(n) = -8*n - 8. Let x(r) = r**3 - 7*r**2 + 6*r - 6. Let s be x(6). Let d be o(s). Let g = -2 + 7. What is the highest common factor of d and g?
5
Suppose -2*r + 496 = 5*l - r, -5*r + 480 = 5*l. Suppose -3*b + l = -b. What is the greatest common factor of 10 and b?
10
Suppose 0 = -4*j + 12, -4*t + 35 = t + 5*j. Let p be 258/t + 1/2. What is the greatest common factor of p and 13?
13
Let g = 337 + -152. Calculate the greatest common factor of g and 74.
37
Let c(d) = -d**2 - 9*d + 2. Let l be c(-6). What is the highest common divisor of 40 and l?
20
Suppose 21*h - 26*h + 440 = 0. What is the highest common divisor of h and 22?
22
Suppose -5*s + 0*u + 31 = -4*u, 3 = s - 4*u. What is the greatest common factor of 7 and s?
7
Let r(u) = 23*u**2 + 5*u - 7. Let p be r(3). Calculate the highest common divisor of p and 86.
43
Let l = -17 + 31. Calculate the highest common divisor of l and 154.
14
Suppose b - 20 = 4*b - 4*d, b = 5*d - 25. Suppose 5*c + r = 17, b = 2*c - 2*r - 9 - 5. Let t = -20 + 48. Calculate the greatest common divisor of c and t.
4
Suppose -9*c + 10*c = 22. Calculate the highest common factor of c and 198.
22
Suppose 3*u = -w + 6*w - 21, 2*u = 2*w - 10. Calculate the greatest common divisor of 2 and w.
1
Let q be (4 - (-7)/(-7)) + 43*1. What is the highest common divisor of q and 69?
23
Let z(c) = -c**3 - 8*c**2 + 8*c - 3. Let v be z(-9). Suppose 0*t - 130 = -5*t + 4*g, -g + 5 = 0. What is the greatest common factor of t and v?
6
Suppose 0*u = -2*u. Let w(b) = -b**2 - b + 3. Let t be w(u). Suppose -8 = -t*j + 2*j. What is the highest common divisor of 4 and j?
4
Suppose -73 = -4*h + 67. What is the greatest common divisor of h and 280?
35
Let f be (-4)/14 - (-326)/14. What is the greatest common divisor of f and 207?
23
Let v(i) = 2*i**2 + 3*i + 4. Let u be v(-4). Calculate the greatest common divisor of 16 and u.
8
Suppose 4*f = -7 + 35. Calculate the greatest common factor of 14 and f.
7
Let z be 8/(-12) - (-34)/6. Suppose -5*w + 11 = 3*y, -w - 28 = -z*w + 4*y. Suppose w*l - 5 = -1. What is the highest common divisor of 6 and l?
1
Let c(x) = -11*x - 19. Let y be c(-5). Let a be 9/2 + 3/(-6). Suppose 0 = 4*h - 0*d - 4*d - 12, a*h - d - 15 = 0. What is the greatest common factor of y and h?
4
Suppose w + 2*w - 66 = 0. Let i be -16 - (-2 - (4 - 4)). Let r = i + w. Calculate the greatest common divisor of r and 1.
1
Suppose 4*v - 276 + 156 = 0. Suppose -s + 10 + 5 = 0. What is the greatest common divisor of s and v?
15
Suppose -r - 4*i = 23, 4*i + 12 = r - 5. Let l be ((-4)/r)/((-6)/(-27)). Let y be 6/(-3)*1 + 8. What is the greatest common divisor of l and y?
6
Suppose -2*n + 0*n = -16. Suppose n = -2*i + 6*i. Let h be 2/(-4) + 29/i. Calculate the highest common divisor of h and 98.
14
Let w(d) = 2*d - 7. Let k be w(5). Suppose -5*h + 108 = -k*h. What is the highest common divisor of h and 6?
6
Let w be (-9)/(-9) + (97 - 0). Calculate the greatest common factor of 14 and w.
14
Let w be 11 + -4 + 3*-1. Let j = -11 - -28. Suppose 0 = 3*b - 6*b - w*v + j, -8 = 2*v. Calculate the highest common divisor of b and 1.
1
Suppose 0 = 4*b - 2 - 6. Let f be (4 - 8) + 8 - b. Suppose 57 = 4*p + 17. What is the greatest common factor of f and p?
2
Let w(f) = 7*f**2 - 4*f + 4. Let m be w(3). Let s = -29 - -7. Let z = s + m. What is the highest common factor of z and 3?
3
Let v(w) = 12*w**2 + 3*w + 3. Let y be v(-2). Let g be 1554/49 + (-4)/(-14). Let f = g - 27. Calculate the greatest common divisor of f and y.
5
Let g = 61 + -41. Let x be (-3)/(6/10) - 0. Let v(z) = 3*z**2 + 7*z. Let m be v(x). Calculate the highest common divisor of m and g.
20
Let s be (0 + 1)/((-1)/(-5)). Suppose -3*f - 2*f + 3*u + 425 = 0, 0 = 4*f + s*u - 377. Suppose 3*i - f + 25 = 0. What is the highest common factor of i and 7?
7
Let m be -1 + 1 + (15 - 2). Let b = m + -10. Let d be (3 - 0)*14/b. Calculate the highest common divisor of 21 and d.
7
Let g be -2 + 18 + (0 - 2). Let b be